 Let g be 1/(a/(-3))*-1. Calculate x(g).
0
Let g(r) be the third derivative of r**4/24 - r**3/2 + r**2. Suppose 3*m - 3 = 0, -m = q - 1 - 4. Give g(q).
1
Let p(a) = -a + 7. Let r(d) = d. Let s(v) = -p(v) - 2*r(v). Let j(i) = -i**2 + 11*i - 15. Let t be j(10). Give s(t).
-2
Let z = 2 + 0. Let h(b) = -z*b + b**2 + 3 + 0 - 4*b. What is h(6)?
3
Let m(h) be the first derivative of -h**2/2 - 7*h + 2. Suppose 0 = -0*z - 5*z. Suppose z = -3*a - 4 - 11. Give m(a).
-2
Let w(u) be the first derivative of u**3/3 + u**2/2 - 4*u + 84. Suppose -a = 3*a. Give w(a).
-4
Let b(f) = 14*f - f**2 - 14*f + 4 - 3. Determine b(-4).
-15
Suppose -19 = -2*i - 5*w, -3*w = -4*i - 2*w + 5. Let k(v) = 3*v**i + v**2 - 2*v**2 + 1 + 3*v + 1. Determine k(-2).
4
Let w(i) = -4*i**2 - 5*i - 4. Let l(g) = g**3 + g. Let t(u) = -l(u) - w(u). Let q be 114/24 - 1/(-4). Calculate t(q).
-1
Let x(m) = -m**2 + m. Let g = -8 + 10. Suppose 3*k - g = 2*k. What is x(k)?
-2
Let f(x) = x - 1. Let l = -7 - -10. Calculate f(l).
2
Let s(k) = -1 + k**3 + 202*k - 5*k**2 - k**2 - 208*k. Give s(7).
6
Suppose 9 = -5*n - 1, 3*n = -5*k - 16. Let m(c) = c**2 - 8*c - 6. Let h(l) = -l**2 + 4*l + 3. Let b(u) = 5*h(u) + 3*m(u). Calculate b(k).
-3
Let r(n) = 0*n**3 + n**3 + 9*n**2 - n**2. Suppose 4*l = -2*y - 11 - 13, -3*y - 4 = 2*l. Let q be r(l). Let j(v) = -v**3 + v**2 + v + 3. What is j(q)?
3
Let y(x) be the third derivative of -1/120*x**6 + 2/3*x**3 + 1/30*x**5 + 4*x**2 + 0*x + 0 + 1/8*x**4. Give y(3).
4
Suppose -2*j + 6*j = 20. Let p(l) = 2 + 0*l - j - l. Determine p(0).
-3
Let b(q) be the second derivative of q**4/12 - q**3/2 + 3*q**2 + 11*q. Calculate b(4).
10
Let i(d) = -d**3 - 2*d**2 + 5*d + 4. Suppose -10 = 4*c + 2. Give i(c).
-2
Let s(o) = -2*o - 1. Let h be (-1 + 3 + -1)*-3. Calculate s(h).
5
Let w(b) be the first derivative of 3/2*b**2 + b + 1. Determine w(-3).
-8
Let t(o) = -4*o**2 + 5*o + 3. Let m(w) = w**2 - 1. Let b(h) = 5*m(h) + t(h). Calculate b(-4).
-6
Let x be -1 + 0 + 1 + 2. Let z(q) = 0 - 7*q**2 + 0 + 3*q**x + 1. Let b = 2 - 3. Determine z(b).
-3
Let s(o) = -o. Let u(j) = 5*j - 1. Let w(b) = -6*s(b) - u(b). Suppose z - 3*z = -10. Let h(v) = 3*v - 12. Let m be h(z). Determine w(m).
4
Let o(t) = -1 - 6*t**2 + 3*t - 3*t - 2*t. Let u = 1295 + -1296. Determine o(u).
-5
Let u(k) = k + 1 + 1 - 3. Calculate u(-3).
-4
Let d be (-44)/(-11)*(-10)/(-48). Let c(f) be the third derivative of 0 - 1/120*f**6 + d*f**3 - 1/12*f**4 + 1/15*f**5 + f**2 + 0*f. Determine c(4).
-3
Let l(g) = g + 3*g**2 + g**3 + 3 - 3. Suppose 5*u - 2 = -17. Calculate l(u).
-3
Let o(f) = -4*f**2 - 11*f + 2. Let d(h) = -5*h**2 - 11*h + 4. Let j(g) = 3*d(g) - 4*o(g). Give j(-10).
-6
Let k(a) = -2*a - 8. Let b be k(-7). Let g(l) = -4 + 2*l - l**2 + l + 4*l. Give g(b).
2
Let a(w) be the second derivative of -w**4/3 - 2*w**2 + 2*w. Let h(t) = 3*t**2 + t + 3. Let n(g) = 2*a(g) + 3*h(g). What is n(-3)?
1
Let n = -1 + -3. Let q(f) = -f**3 - 6*f**2 - 6*f - 1. Determine q(n).
-9
Let h be 42/8 + (-3)/(-4). Let z(y) = -y**3 + 5*y**2 + 6*y - 1. Calculate z(h).
-1
Suppose 8*g = -3*g. Let a(x) be the second derivative of g + 2*x - 1/3*x**3 - 1/2*x**2 - 1/12*x**4. Give a(-2).
-1
Let z(k) = -k**2 + 9*k - 12. Let l(a) = a**2 - 9*a + 13. Let x(q) = 3*l(q) + 4*z(q). Calculate x(8).
-1
Let h(j) = -4*j**2 - 7*j - 3. Let r(o) = 11*o**2 + 21*o + 10. Let c(a) = -8*h(a) - 3*r(a). Calculate c(-5).
4
Suppose -d = -3*p - 11, 5*d = 2*p - 0*p + 16. Let x(v) = -d*v + 2*v - 3 - 3*v + v**2 - v. Determine x(4).
-3
Let z(q) = -3*q**2 + 9*q + 35. Let x(h) = h**2 - 3*h - 12. Let n(f) = -17*x(f) - 6*z(f). Let v = -21 + 26. Give n(v).
4
Suppose 2 = -3*l + 8. Let x(t) = -t + 2*t + 5*t + l - 3. What is x(1)?
5
Suppose 3*s + 2*r = 3, -s + 3*r = -15 + 3. Let d(c) = -c - 3 + 3 + s. Suppose 15*m = 16*m - 4. Determine d(m).
-1
Let s(u) = u**2 - 3*u - 4. Let i be (-6)/8*(2 + 2). Let v be (2/i)/((-6)/(-9)). Let r be -1 - 5*(-2 - v). Give s(r).
0
Let c(k) = -31*k**2 + 8*k. Let s(q) = -11*q**2 + 3*q. Let d(v) = -6*c(v) + 17*s(v). What is d(4)?
-4
Let b(g) = -g**3 + 5*g**2 - g + 1. Suppose -4*q - 12 = -3*q. Let x = q + 17. What is b(x)?
-4
Suppose -5*g = -2*q - 5 - 18, 11 = 2*g + q. Let r(v) = 1 - 4*v + v - g + 2*v. Give r(-6).
2
Suppose -h + 6 = h. Let u(m) = -2 + 0 - m**3 + h*m**2 + 5 + 5*m. Give u(4).
7
Let n(j) = j**2 + 4*j - 1. Let l be n(-4). Let b(y) = -4 + 2*y**2 + 3 + y**2. Give b(l).
2
Suppose 1 - 19 = 3*g. Let p(m) = -m**3 - 6*m**2 + 7. Let h be p(g). Let j(n) = n - 4. Let w be j(h). Let y(c) = c**3 - 4*c**2 + 3*c + 1. Determine y(w).
1
Let j be (5/(-5))/((-2)/(2*4)). Let k(f) = -3*f + 6. Let x(t) = 2*t - 5. Let l(c) = -3*k(c) - 4*x(c). What is l(j)?
6
Let w(x) = 10*x - 18. Let k(a) = 3*a - 6. Let g = 17 - 19. Let q(m) = g*w(m) + 7*k(m). Determine q(5).
-1
Let d(n) = -n - 9. Let l be d(-6). Let u = l - -4. Let f(i) = i**3 - i**2 - i + 1. Give f(u).
0
Let m(z) be the first derivative of -z**3/3 - 5*z**2/2 - z + 1. Let h be (-8)/(-3) - (-1)/3. Suppose h*f = 2*f - 4. Give m(f).
3
Suppose 2*o - 8 = b + 2*b, -b - 16 = -4*o. Suppose 3*t = -6, -4*w - 36 = -8*w + o*t. Let n = 4 - w. Let p(c) = -c**3 - 3*c**2 + 3*c + 4. Give p(n).
-5
Let a(f) = 3*f + 0*f**2 - 2*f**2 + f**2 + 3*f - 3. Determine a(3).
6
Let p be 6*(-1)/1*1. Let k(j) = j + 11. Determine k(p).
5
Let q(t) = -t**2 - 3*t. Let r be q(-2). Suppose 3*o - 3 = 4*u + r, o + 3*u = -7. Let i(d) = d. Let l(s) = s**2 - 2*s + 3. Let y(k) = o*l(k) + 2*i(k). Give y(3).
0
Let k(w) be the third derivative of -w**5/10 - w**4/12 - w**3/6 - 2*w**2. Suppose 2*y - 2*d = d - 8, -d + 2 = 0. What is k(y)?
-5
Let c(x) be the first derivative of x**7/280 + x**6/360 - x**3 + 3. Let y(l) be the third derivative of c(l). Determine y(1).
4
Let k(s) = -s + 4. Let b be (-7)/(1*2/(-4)). Let o = -17 + b. Calculate k(o).
7
Suppose -3*v + 0*v + 9 = 0. Let d = v - 4. Let q(y) = -3*y - 2. Let h(r) = 1. Let g(o) = d*h(o) - q(o). Calculate g(1).
4
Suppose -7 = -5*j + 4*p - 1, 0 = j + 4*p + 18. Let v(t) = -2*t**3 - 3*t**2 - 3*t - 2. What is v(j)?
8
Let f be 10/4 - 3/6. Let b(u) = -u - f + 5 + 3 - 4. Calculate b(4).
-2
Let d(i) be the third derivative of -i**5/30 - i**4/8 + i**3/6 + 6*i**2. Determine d(-3).
-8
Let z(a) = 5*a + 2. Suppose -32 = 5*u - 42. Calculate z(u).
12
Let g(i) = 4*i**2 + 2 - 3 - 2 + 2. Calculate g(-1).
3
Suppose 5*x - 10 = -j, 5*j = 4*x - 0*x - 8. Suppose 2*q - x = 4*y, -q - 8 = y - 0*y. Let k(g) = -g**3 - 4*g**2 + 3*g - 4. What is k(q)?
6
Let r(p) = p + 3. Let i be r(0). Let d(b) be the first derivative of -b**2 - b + 1. What is d(i)?
-7
Let g(a) be the second derivative of a**5/60 - a**4/6 + a**3/2 + 2*a**2 + 2*a. Let k(l) be the first derivative of g(l). Give k(3).
0
Let w(s) = 13 + 67*s - 4*s**2 - 60*s + 3*s**2. Determine w(9).
-5
Suppose 5*p + b - 40 = 0, -3*p - 3*b + 3 = -p. Let w(u) = u**3 - 10*u**2 + 11*u - 13. Calculate w(p).
5
Suppose -d = -0*d - 2*s, 2*d - 2 = 2*s. Let c(h) = h**2 - 9*h**3 + 4*h**3 + 1 - h**2 - h**d + h. Let m be 1/(-2) + (-2)/4. Give c(m).
4
Let s(n) = -n + 11. Let v(t) = 1. Let m(l) = s(l) - 4*v(l). Give m(0).
7
Let w(b) be the first derivative of b**4/4 - 7*b**3/3 - 4*b**2 + b + 6. Determine w(8).
1
Let o(v) = -v**3 - v + 1. Let b(k) = -7*k**3 - 5*k + 6. Suppose -2*h - 5*t - 5 = 0, 0 = 6*h - 3*h + 4*t + 11. Let c(u) = h*o(u) + b(u). Give c(1).
-1
Let n(t) = 6*t**2 + t + 1. Suppose -3*g + 8*g - 90 = 0. Let h(f) = -f**2 - 6*f - 1. Let q be h(-4). Suppose -p + q = 2*b + g, -4*p + 3*b = -11. Give n(p).
6
Let t = -8 + 11. Let y(h) = -2*h - 5*h**3 + 0 + 9 + 7*h**2 + 4*h**t. Give y(7).
-5
Let b(y) = 7*y - 8. Let i(l) = l - 1. Let m(g) = b(g) - 4*i(g). Suppose 3*r = 2*k + 7, -2*k = 2*r - 12 + 4. Suppose -2*s + 22 = 2*s - 2*j, 15 = -r*j. Give m(s).
5
Let v(o) = o**2 - 8*o + 4. Let k = 14 - 7. Determine v(k).
-3
Let r(f) be the third derivative of 0 + 7/6*f**3 - 1/120*f**6 + 8*f**2 - 1/8*f**4 + 0*f - 7/60*f**5. Determine r(-6).
-11
Suppose 5*c - 4*t - 17 - 14 = 0, -3*c - 5*t = 11. Suppose 3*i = -2*w + 15, -c = 2*w - 3*i - 0. Let x(h) = -3 + w - 2*h + h. Give x(6).
-6
Let y(f) be the second derivative of -f**5/30 - 7*f**4/24 - 2*f**3/3 - f**2/2 - f. Let r(q) be the first derivative of y(q). Give r(-4).
-8
Let v(c) = 8 - 4*c - 23*c**2 + 22*c**2 + c. Let z(b) = -b**2 - 2*b + 7. Let g(j) = -3*v(j) + 4*z(j). What is g